the greatest common divisor of 79 and 246?
1
Calculate the highest common factor of 1238400 and 7488.
576
What is the greatest common factor of 1476 and 2124?
36
Calculate the greatest common factor of 46 and 14651.
23
Calculate the highest common divisor of 65 and 23445.
5
Calculate the highest common divisor of 577856 and 2048.
64
Calculate the highest common divisor of 41 and 2293171.
41
Calculate the highest common factor of 944 and 3176.
8
Calculate the highest common divisor of 201 and 6520239.
201
Calculate the highest common factor of 3550 and 35050.
50
Calculate the greatest common factor of 62 and 3317.
31
What is the highest common divisor of 621 and 80799?
69
Calculate the highest common divisor of 985939 and 74.
37
What is the highest common divisor of 312909 and 111?
111
Calculate the greatest common divisor of 968 and 1992.
8
What is the highest common divisor of 4668 and 2370177?
1167
What is the highest common factor of 559 and 21414?
43
What is the highest common divisor of 4417 and 70?
7
Calculate the highest common factor of 342 and 2166.
114
What is the highest common factor of 369 and 555837?
123
Calculate the highest common factor of 39 and 142077.
39
What is the greatest common divisor of 209 and 202081?
11
What is the greatest common divisor of 326 and 503018?
326
Calculate the highest common divisor of 287 and 119.
7
What is the greatest common divisor of 292061 and 847?
77
Calculate the greatest common factor of 2401830 and 90.
90
Calculate the greatest common factor of 23947 and 462.
77
Calculate the highest common divisor of 13984 and 276.
92
Calculate the highest common factor of 13805946 and 1764.
882
Calculate the highest common divisor of 188 and 1548556.
188
Calculate the greatest common factor of 2058 and 802620.
2058
What is the greatest common divisor of 1719 and 329666?
191
Calculate the greatest common divisor of 896631 and 612.
51
Calculate the greatest common factor of 6600 and 198792.
264
Calculate the highest common factor of 96835 and 11770.
535
What is the greatest common divisor of 296955 and 855?
45
What is the greatest common factor of 484 and 6876?
4
What is the greatest common factor of 789 and 9205?
263
Calculate the highest common divisor of 48582 and 18.
18
Calculate the greatest common factor of 72027 and 2265.
453
What is the highest common divisor of 73395 and 6720?
105
Calculate the highest common divisor of 33418 and 196.
98
Calculate the highest common factor of 4744 and 676.
4
Calculate the highest common divisor of 76270 and 290.
290
Calculate the greatest common divisor of 1976 and 2052.
76
What is the highest common factor of 279 and 846?
9
What is the greatest common factor of 57 and 154014?
57
Calculate the greatest common divisor of 10413 and 1131.
39
Calculate the highest common factor of 89415 and 405.
45
What is the greatest common divisor of 608 and 8080?
16
What is the greatest common divisor of 48350 and 50?
50
Calculate the highest common factor of 2878 and 274.
2
Calculate the highest common factor of 5800 and 520.
40
Calculate the highest common divisor of 9685 and 2600.
65
What is the highest common divisor of 41132 and 222404?
364
Calculate the greatest common factor of 16617 and 191.
191
Calculate the highest common divisor of 1778 and 4826.
254
Calculate the greatest common divisor of 9855 and 4320.
135
What is the highest common factor of 14882 and 21?
7
Calculate the highest common divisor of 19510 and 10.
10
Calculate the greatest common divisor of 70 and 15554.
14
What is the highest common divisor of 8274 and 36642?
1182
What is the highest common factor of 6 and 119703?
3
Calculate the highest common factor of 57428 and 879.
293
Calculate the greatest common factor of 12 and 190260.
12
Calculate the greatest common divisor of 6 and 1528152.
6
Calculate the highest common factor of 123760 and 1365.
455
What is the greatest common factor of 3192 and 28686?
42
What is the highest common factor of 105316 and 1356?
452
Calculate the highest common divisor of 30549 and 471413.
599
What is the highest common factor of 83024 and 32?
16
What is the greatest common divisor of 103411 and 2233?
77
What is the greatest common divisor of 507 and 7059?
39
What is the greatest common divisor of 5033745 and 1458?
729
What is the highest common factor of 387 and 21249?
9
Calculate the greatest common divisor of 7800 and 384.
24
What is the greatest common factor of 144 and 92784?
48
Calculate the greatest common divisor of 272 and 66224.
16
What is the greatest common factor of 864 and 7072?
32
What is the greatest common factor of 6336 and 45216?
288
Calculate the highest common divisor of 8477 and 865.
173
Calculate the highest common factor of 2989 and 196481.
61
What is the highest common factor of 1830 and 64740?
30
What is the highest common factor of 99 and 370227?
33
What is the highest common factor of 754 and 6554?
58
Calculate the greatest common divisor of 2287 and 53.
1
What is the highest common factor of 1693 and 3?
1
Calculate the greatest common factor of 52 and 570492.
52
Calculate the highest common factor of 1145 and 1165.
5
What is the greatest common divisor of 15 and 283785?
15
What is the greatest common divisor of 36 and 96240?
12
Calculate the greatest common factor of 291083 and 13.
13
What is the highest common factor of 379928 and 8?
8
What is the greatest common divisor of 54 and 15465?
3
Calculate the highest common factor of 84459 and 8319.
141
What is the highest common factor of 759416 and 8?
8
Calculate the highest common divisor of 17390 and 3055.
235
Calculate the highest common factor of 240 and 8955.
15
Calculate the greatest common divisor of 636583 and 106.
53
What is the greatest common factor of 40803 and 7?
7
Calculate the greatest common factor of 475350 and 300.
150
Calculate the greatest common divisor of 16600 and 44.
4
What is the highest common factor of 90276 and 12?
12
Calculate the highest common factor of 17854 and 226.
226
Calculate the highest common factor of 137293 and 59.
59
Calculate the highest common factor of 18966 and 201432.
654
What is the highest common divisor of 3586 and 286?
22
What is the greatest common divisor of 1278077 and 17?
17
What is the greatest common factor of 1221920 and 110?
10
Calculate the greatest common divisor of 49561 and 29.
29
What is the greatest common factor of 6467 and 12528?
29
Calculate the highest common factor of 1008 and 7875.
63
Calculate the highest common factor of 126 and 803538.
18
What is the highest common divisor of 56 and 766192?
56
What is the highest common factor of 40079 and 416?
13
Calculate the highest common factor of 268 and 1208.
4
Calculate the greatest common divisor of 12214 and 6698.
394
Calculate the greatest common divisor of 648 and 13527.
81
What is the highest common divisor of 36332 and 124?
124
Calculate the greatest common divisor of 2556125 and 11.
11
Calculate the highest common divisor of 7625 and 9125.
125
Calculate the highest common divisor of 266 and 882455.
133
What is the highest common divisor of 939 and 19?
1
What is the highest common divisor of 49 and 1594019?
49
What is the highest common factor of 105416 and 592?
8
Calculate the highest common factor of 4080111 and 291.
291
Calculate the highest common factor of 105 and 2761905.
15
What is the greatest common factor of 384 and 1769856?
384
What is the highest common divisor of 10780 and 2640?
220
Calculate the highest common factor of 1496 and 2596.
44
What is the greatest common divisor of 22 and 869?
11
Calculate the highest common factor of 151148 and 696.
116
What is the greatest common factor of 2590 and 2890?
10
Calculate the greatest common divisor of 10218 and 390.
78
What is the greatest common factor of 2175 and 35206?
29
Calculate the highest common factor of 97 and 204767.
97
Calculate the highest common factor of 2697 and 14415.
93
What is the highest common divisor of 1510824 and 7?
7
Calculate the greatest common divisor of 76 and 5205658.
38
What is the highest common divisor of 896 and 1652?
28
What is the greatest common factor of 12971 and 15589?
119
What is the greatest common divisor of 3920 and 34790?
490
What is the greatest common factor of 36 and 243480?
